 Let w be (-120)/(-1)*(-2)/g. Calculate the greatest common divisor of y and w.
16
Suppose -123 = 15*a - 3. Let f(l) = -17*l + 16. Let z be f(a). What is the highest common divisor of 19 and z?
19
Suppose -4*r + 12628 = 3*n, 0 = 2*n + 79*r - 75*r - 8428. Calculate the highest common divisor of 168 and n.
168
Let z be 9/(-36) + (-519)/(-12) + -4. Let j(g) = g**2 - 34*g + 1. Let w be j(z). Calculate the greatest common divisor of 14 and w.
14
Let h = -466 + 1426. Suppose 350*l = 347*l + h. What is the greatest common divisor of 10 and l?
10
Let h = 15 - 7. Suppose 29*f + 125 = 5*n + 32*f, -31 = -2*n - 5*f. Calculate the highest common factor of n and h.
4
Suppose u - 30 - 14 = 0. Suppose 5*f + 4 = 3*a + 78, -3*f = -2*a - u. Let i = -3306 - -3310. Calculate the highest common divisor of i and f.
4
Let f be 1 + -2 - -3 - -10. Let z(r) = r**3 + 16*r**2 + 16*r + 97. Let o be z(-7). Let x = o + -418. Calculate the highest common divisor of x and f.
4
Let w(h) = -100*h**2 + 106*h**2 + 4*h**3 - 9*h - 3*h**3 - 2. Let u be w(-3). Calculate the greatest common factor of u and 468.
52
Suppose -199*i + 2240 = -143*i. What is the greatest common divisor of i and 32440?
40
Suppose -495*n - 1930*n + 24250 = 0. Let g be (2*1)/(-1 + 2). Suppose g*l - 96 = -6. What is the greatest common factor of l and n?
5
Let d be (6/(-4))/((-9)/90). Let q be (-22)/55 - 3831/30*-2. Calculate the highest common factor of d and q.
15
Let h(l) = -l**2 + 3*l + 2. Let o be h(3). Suppose -8*x = -4*x + o*k - 1368, -3*x + 4*k = -1048. Calculate the highest common divisor of 8 and x.
8
Let i(s) = 243*s + 9036. Let c be i(-37). What is the highest common divisor of c and 34065?
45
Let h be (6/(-15))/(234/60 - 4). Suppose -5*l = 5*a - 70, -11*l = -h*a - 6*l + 29. What is the highest common factor of 176 and a?
11
Let v be (2998/(-30) - 44/110)*3. Let p = v + 310. Calculate the highest common factor of 1 and p.
1
Let g(u) = -44*u - 1848. Let l be g(-52). Calculate the greatest common divisor of l and 968.
88
Let z = -46 - -73. Let v(o) = -46*o**3 + 5*o + 9. Let p be v(-3). Let i = 1425 - p. Calculate the highest common factor of i and z.
27
Let w = 180 - 91. Let p = 243 - w. Suppose g - 61 = -2*g - 5*x, 0 = -4*x - 4. Calculate the highest common divisor of g and p.
22
Let m be (2 + -22)*3/(-6). Let y = 4 - -24. Suppose -3*v = 2*x - 32, -14*v + y = -11*v - 2*x. What is the highest common factor of m and v?
10
Let c be (2 - (-1698)/9)/(18/(-54)). Let b = c + 871. What is the greatest common divisor of 26 and b?
13
Suppose -3*n = -p - 260 - 350, 2*n - 401 = -5*p. Suppose 205*c = n*c + 512. What is the greatest common divisor of 96 and c?
32
Let c(o) be the first derivative of -o**4/4 - 13*o**3/3 + 2*o - 3. Let f be c(-13). Suppose -8 = -f*y - 4. Calculate the greatest common divisor of 5 and y.
1
Let l be (-26)/(14/21*18/(-36)). Calculate the greatest common divisor of l and 4628.
26
Suppose 0 = -2*d + 14, 0 = 2*y + 54*d - 49*d - 9611. What is the highest common divisor of y and 931?
133
Let n be 2*688/(-40)*135*-1. Calculate the greatest common divisor of 860 and n.
172
Let x be 8 + 38 - (-2)/1. Let f = 21839 + -21807. What is the greatest common factor of x and f?
16
Let t be 12*((-40)/70 + (-19)/(-21)). Suppose 5*h + 361 = t*n + 64, 25 = -5*h. What is the highest common divisor of n and 17?
17
Suppose -19*a + 179651 - 152842 = 0. Calculate the greatest common factor of a and 1577.
83
Suppose h = -4*m + 5, 4*h = 8*m - 3*m - 1. Let j be (-1656)/(-8) + -5 + h. Let o be ((-232)/(-96))/(2/(-6))*-4. Calculate the highest common factor of j and o.
29
Let w = -53 + 188. Let t = 13 - 8. Suppose 75 = t*q - 0*q. What is the greatest common factor of w and q?
15
Suppose 3*m - 50 = 4*b, 5*m = -2*b + 46 + 20. Let n(y) = 120*y + 181. Let w be n(8). Suppose 22*a - 3913 = -w. Calculate the highest common divisor of m and a.
14
Let k(x) = -x**2 + 3*x + 6. Suppose -2*g = -2*g - g. Let w be k(g). Let f be 1528/w + (-14)/(-42). What is the highest common factor of f and 51?
51
Let g(u) = 75*u**3 + 3*u**2 - u - 2. Let t be g(1). Suppose 4*f - 4*l - 492 = 0, 0 = l - 0*l + 3. Calculate the greatest common divisor of f and t.
15
Let p(r) = -r**3 - 13*r**2 - 13*r - 8. Let x = 11 + -23. Let w be p(x). Suppose 2*z - w*z = -24. What is the greatest common divisor of z and 108?
12
Let r(w) = -w - 376. Let c(f) = -f + 376. Let t(k) = -4*c(k) - 5*r(k). Let o be t(-8). What is the highest common factor of 19 and o?
19
Let b be (2 - 3924/(-20)) + (-5)/25. Calculate the highest common factor of 176 and b.
22
Let c(s) = 2*s**3 + 5*s**2 + 5*s - 9. Let j be c(4). Let u = -204 + j. What is the highest common factor of u and 255?
15
Let w(g) be the third derivative of -5*g**4/8 + 30*g**3 + 66*g**2. Let l be w(0). What is the greatest common divisor of 20 and l?
20
Suppose r - 5*l = -3*r - 239, 0 = -5*l + 15. Let q be ((-2736)/r)/((-3)/(-14)). What is the greatest common divisor of q and 19?
19
Suppose 0 = -27*a + 943 + 104 - 210. Let c be (-2 - 60)*3/(-2). Calculate the highest common divisor of a and c.
31
Suppose 3*g - j - 2502 = 0, 1646 = -27*g + 29*g + 3*j. Calculate the highest common factor of 1768 and g.
104
Suppose -932 = 5*j - 0*b - 4*b, -180 = j - 4*b. Let g = j - -204. What is the greatest common divisor of g and 16?
16
Let l = 403 + -337. Let d be l/(-22)*(-52)/3. What is the highest common divisor of 117 and d?
13
Suppose 0 = -a + 4*q + 813, -3*a + 5*q + 2249 = -134. What is the highest common factor of a and 1775?
71
Suppose f + 224 = 4*f + 4*q, 356 = 5*f - 2*q. Suppose -4*n = -4*h + 140, -7*h - 56*n = -61*n - 255. What is the greatest common divisor of f and h?
8
Suppose -3*k + 49 = -11. Suppose -h = -x + k, -5*h + 0*x = x + 124. Let r be (-16)/(20/5) - h. What is the greatest common factor of 60 and r?
20
Let b(w) = -2*w**2 - 4*w + 6. Let h be b(-3). Suppose f + h = 2*t - 1, 2*t = 4*f - 2. Calculate the highest common factor of f and 5.
1
Let c be -5*3*(-657)/135. Suppose -t + 83 - 6 = 0. Let q = t - c. Calculate the greatest common factor of 4 and q.
4
Let w be -7 + 4256/126 - (-2)/9. Calculate the greatest common factor of w and 2079.
27
Let n(u) = -76*u + 1822. Let y be n(-8). Calculate the highest common factor of 330 and y.
30
Suppose 4*z = -v + 65 - 25, -z - v + 4 = 0. Calculate the highest common factor of z and 36444.
12
Suppose 0 = p - 2 - 34. Suppose 0 = 12*g - 13*g + q + 310, -g - 2*q = -280. What is the highest common factor of g and p?
12
Suppose 0 = -800*c + 806*c - 1440. Suppose 0 = -2*f + 2*s - 190 + 476, -f + 2*s = -142. What is the greatest common divisor of f and c?
48
Suppose -4*k + 4 = -2*k. Suppose -b = -5*f + k*b + 114, -f + 3*b + 30 = 0. Calculate the greatest common factor of 98 and f.
7
Suppose -3*d - 3*q + 2599 + 2 = 0, 4*q = -12. What is the greatest common divisor of 1914 and d?
174
Suppose 3*f = c - 12, -c - 8 = -f - 22. Suppose -28 = -4*a - 3*a. Suppose a*i - 793 + 253 = 0. Calculate the greatest common factor of c and i.
15
Let q = 181 - 181. Suppose q = 2*i + 3*l - 8, -2*i + 4*l = 6 - 0. What is the greatest common factor of i and 8?
1
Suppose -4854 = -7*i - 37*i - 4722. What is the highest common divisor of 1592 and i?
1
Suppose 5*k + i + 1 = 0, 0 = 5*k + 4*i + 2 + 2. Suppose k = 23*d - 45*d + 22. What is the greatest common divisor of d and 8?
1
Let d = 4368 - 4346. What is the highest common factor of d and 1133?
11
Suppose 22 = 6*v - 5*v + 3*c, v + 2*c = 18. Suppose -v*f - 48 = 2*f. Let y be (1 + 29)*f/(-10). What is the highest common factor of y and 4?
4
Let x(g) be the first derivative of g**4/4 + 8*g**3/3 + 8*g - 1. Suppose 20*l + 688 - 207 = 321. Let p be x(l). What is the highest common divisor of 112 and p?
8
Let u(h) = 11*h + 3900. Let d be u(-33). What is the highest common factor of d and 524?
131
Let z be 60/18*288/10*(-38)/(-3). What is the greatest common divisor of z and 128?
64
Suppose 12*k - 974 - 2614 = 0. What is the greatest common divisor of 575 and k?
23
Let o(g) = g**2 - 6*g + 49. Let s be o(9). Suppose -r + 7*r = 30. Suppose 478 + 92 = r*k. Calculate the highest common factor of s and k.
38
Let j(z) be the third derivative of z**5/30 - 5*z**4/12 - 16*z**3/3 - 53*z**2 - 2*z. Let t be j(9). Calculate the highest common factor of 220 and t.
20
Let t(m